4. Give n(-49).
76
Let z(u) = -108*u**2 - 1637*u - 190. Determine z(-15).
65
Let t(r) = -42*r**3 - 46575*r**2 + 3340*r + 14418. Determine t(-1109).
1
Let j(b) = 146*b + 633. Calculate j(1).
779
Let c(u) = -40741*u + 1344446. Determine c(33).
-7
Let x(w) = w**2 + 1948*w - 45353. Calculate x(23).
-20
Let i(w) = 21*w**3 - 629*w**2 - 1372*w + 63. Calculate i(32).
191
Let g(j) = 19438*j + 971897. Give g(-50).
-3
Let m(w) = w**3 + 452*w**2 + 2153*w - 36547. Give m(-447).
107
Let f(s) = 189827*s + 2657565. Give f(-14).
-13
Let n(w) = -9*w**3 - 127*w**2 - 39*w - 14. Give n(-14).
336
Let x(u) = -393*u + 273933. Calculate x(697).
12
Let u(p) = -198658*p - 794639. Determine u(-4).
-7
Let o(w) = -2379*w + 6924. What is o(3)?
-213
Let w(z) = z**2 + 121*z - 14742. What is w(74)?
-312
Let j(a) = -a**3 + 4*a**2 + 460*a - 163. What is j(-20)?
237
Let c(n) = -166*n - 55390. Calculate c(-334).
54
Let s(w) = -w**3 - 73*w**2 + 2315*w - 1198. Determine s(-97).
63
Let f(k) = 4*k**2 - 1529*k - 28829. What is f(-18)?
-11
Let r(h) = -h**3 - 16*h**2 - 199*h - 1072. Calculate r(-8).
8
Let y(l) = -11*l**3 - 445*l**2 - 437*l + 8. Calculate y(-1).
11
Let s(o) = 10279*o - 215660. What is s(21)?
199
Let h(l) = -3*l**2 + 371083*l + 371084. Give h(-1).
-2
Let x(z) = -z**2 + 79*z + 498. Determine x(79).
498
Let f(v) = -65*v**2 - 33136*v + 7146. Give f(-510).
6
Let v(c) = -c**3 - 59*c**2 + 120*c - 167. Give v(-61).
-45
Let h(k) = -41*k**3 - 6687*k**2 - 660*k - 1294. Give h(-163).
10
Let i(n) = -12*n - 1699. Give i(-134).
-91
Let o(d) = -1067*d**2 - 25583*d + 216. Determine o(-24).
-384
Let i(r) = -5141*r + 102097. Calculate i(20).
-723
Let j(u) = 2*u**3 + 134*u**2 + 765*u + 2011. Calculate j(-61).
-2
Let g(q) = 2*q**3 - 11*q**2 - 27*q + 475. Determine g(17).
6663
Let w(o) = -6004*o + 1861424. What is w(310)?
184
Let i(o) = -o**2 - 3073*o + 130897. What is i(42)?
67
Let j(s) = -12378*s + 5867169. Determine j(474).
-3
Let a(j) = -1292*j + 5061. Determine a(4).
-107
Let k(u) = -3981*u + 107479. Calculate k(27).
-8
Let b(p) = -4072*p + 27667. Calculate b(7).
-837
Let z(k) = k**3 - 56*k**2 - 8600*k + 67. Calculate z(125).
3192
Let o(l) = -8*l**2 - 1186*l + 13299. Give o(11).
-715
Let t(b) = 51*b**2 + 457*b + 2249. Calculate t(-5).
1239
Let g(p) = p**2 + 7918*p - 753136. Determine g(94).
-8
Let w(s) = -249*s**2 - 32622*s - 397. Calculate w(-131).
-4
Let p(u) = 3821*u + 2575351. Determine p(-674).
-3
Let i(r) = 288*r**2 + 4858*r + 14. Give i(-17).
660
Let y(x) = -904*x + 63298. Calculate y(70).
18
Let b(n) = -5*n**3 - 144*n**2 - 21*n + 2550. Give b(-28).
2
Let h(z) = 43*z**2 + 2913*z + 8348. Give h(-3).
-4
Let x(w) = 3*w**2 - 88024*w + 2286595. Determine x(26).
-1
Let d(r) = 226*r - 7584. What is d(34)?
100
Let k(t) = 15*t - 1563. What is k(105)?
12
Let a(u) = -116180*u - 1742704. Calculate a(-15).
-4
Let p(q) = -28703*q - 28714. Calculate p(-1).
-11
Let n(x) = -2070*x + 480250. Determine n(232).
10
Let n(b) = -b**3 - 34*b**2 - 188*b - 68. What is n(-22)?
-1740
Let i(x) = 13*x**2 + 9111*x - 9114. Determine i(1).
10
Let f(b) = b**2 + 1578*b - 15869. What is f(10)?
11
Let c(o) = -7573*o + 128855. Give c(17).
114
Let f(b) = -377*b + 6006. What is f(18)?
-780
Let x(m) = 2*m**3 - 8*m**2 - 69*m - 471. What is x(15)?
3444
Let p(c) = -25629*c - 410375. What is p(-16)?
-311
Let t(l) = 3*l**3 - 55*l**2 + 131*l + 155. Give t(15).
-130
Let m(l) = 7736*l - 99554. What is m(13)?
1014
Let z(n) = 10*n**2 - 220*n + 432. What is z(19)?
-138
Let x(p) = 268*p**2 + 678*p + 1340. Determine x(-2).
1056
Let y(j) = -j**3 + 261*j**2 - 16996*j - 533. Determine y(136).
11
Let n(k) = 2*k**2 - 213*k + 545. Calculate n(103).
-176
Let m(z) = 5219*z + 136277. Determine m(-26).
583
Let u(i) = 2*i**3 - i**2 - 21*i + 11. Calculate u(0).
11
Let d(z) = 1835*z + 187155. Determine d(-102).
-15
Let m(a) = 14268*a + 8246914. Calculate m(-578).
10
Let r(m) = -m**2 + 40*m - 371. Calculate r(28).
-35
Let j(n) = 2*n**3 + 39*n**2 + 237*n - 180. Calculate j(-8).
-604
Let m(z) = 40*z**2 - 5694*z - 98911. Calculate m(158).
-3
Let k(l) = 39269*l - 38655. Determine k(1).
614
Let x(t) = -3*t**3 - 6*t**2 - 11*t + 72. Calculate x(2).
2
Let c(m) = 763*m + 8956. What is c(-11)?
563
Let j(r) = 393527*r + 1967649. Give j(-5).
14
Let t(f) = -3972*f + 4542. Calculate t(2).
-3402
Let g(o) = 1021*o + 5104. What is g(-5)?
-1
Let w(m) = -21761*m - 22238. What is w(-1)?
-477
Let r(w) = -9377*w + 2156725. Determine r(230).
15
Let v(q) = 3588*q + 968765. Give v(-270).
5
Let a(g) = -9261*g - 2028177. Calculate a(-219).
-18
Let t(y) = -46*y**2 - 11415*y - 1087. What is t(-248)?
649
Let q(b) = 13*b**2 + 665*b - 10701. Calculate q(-64).
-13
Let z(a) = 3*a**2 + 748*a - 46295. Give z(52).
713
Let f(r) = 28*r - 1248. Determine f(60).
432
Let r(h) = 2*h**3 - 109*h**2 + 49*h + 561. What is r(54)?
291
Let u(l) = -2003*l + 480716. What is u(240)?
-4
Let i(c) = -48032*c - 192118. What is i(-4)?
10
Let n(d) = 94*d**2 + 36858*d + 3925. Give n(-392).
5
Let x(y) = -3*y**3 - 50*y**2 - 112*y - 50. Give x(-10).
-930
Let c(s) = s**3 - 21*s**2 + 94*s + 177. What is c(13)?
47
Let s(m) = -930*m - 51140. Determine s(-55).
10
Let v(t) = t**3 - 203*t**2 + 6985*t + 1746. Give v(159).
-3
Let a(c) = -2*c**3 + 134*c**2 + 137*c + 25. Calculate a(68).
93
Let n(v) = -13453*v + 672212. What is n(50)?
-438
Let y(f) = -43*f**2 - f + 21. Give y(-3).
-363
Let r(n) = -10*n**2 - 6265*n + 41153. Determine r(-633).
8
Let c(t) = -6*t**2 + 848*t + 5125. Calculate c(-6).
-179
Let b(g) = -70304*g + 351474. Determine b(5).
-46
Let x(z) = -12308*z - 738492. What is x(-60)?
-12
Let q(z) = -71936*z + 2. Give q(0).
2
Let u(v) = -v**3 - 117*v**2 + 238*v - 378. Determine u(-119).
-378
Let b(i) = -13*i**3 - 2*i**2 - 180*i - 723. Give b(-4).
797
Let v(b) = -6*b**2 + 20*b + 16. Give v(-11).
-930
Let f(g) = g**3 + 25*g**2 - 252*g - 503. Give f(-33).
-899
Let u(n) = 9*n**2 + 3*n - 1734. Determine u(-14).
-12
Let m(r) = 41*r**3 + 980*r**2 - 93*r + 71. Give m(-24).
-1
Let n(c) = 200*c**2 - 121*c - 316. Determine n(-4).
3368
Let b(x) = 17703*x - 17698. Determine b(1).
5
Let f(t) = -4*t**3 - 335*t**2 + 188*t + 8730. Give f(-84).
-6
Let v(o) = o**3 - 9*o**2 + 1606*o - 19742. Calculate v(12).
-38
Let j(y) = -6*y**2 - 145*y - 1372. What is j(-13)?
-501
Let l(v) = 4*v**2 - 385*v - 15950. Calculate l(-32).
466
Let x(d) = 96576*d - 1158929. Determine x(12).
-17
Let x(b) = -383*b + 176634. Calculate x(461).
71
Let q(v) = 7*v**2 + 335*v + 1991. What is q(-41)?
23
Let z(s) = 801*s**2 - 22419*s - 260. Determine z(28).
-8
Let s(w) = 83*w - 7905. Determine s(110).
1225
Let a(w) = -w**2 - 37*w + 3749. What is a(45)?
59
Let c(y) = -y**2 - 2779*y - 22192. Give c(-8).
-24
Let r(i) = -41*i - 826. Give r(-2).
-744
Let x(f) = 247*f + 4329. What is x(-22)?
-1105
Let v(j) = -112*j - 11069. Determine v(-105).
691
Let m(s) = 17*s**2 - 3464*s - 6927. What is m(-2)?
69
Let h(a) = -23*a**2 + 59*a - 340. Determine h(8).
-1340
Let s(k) = -2*k**3 - 108*k**2 - 1185*k + 1014. Give s(-38).
-164
Let v(p) = 4*p**2 + 262*p - 602. Calculate v(-68).
78
Let u(w) = -448*w**2 + 3472*w + 826. Determine u(8).
-70
Let b(g) = -322*g - 2439. Calculate b(-7).
-185
Let j(v) = -329*v**3 - 171409*v**2 + 29*v + 15106. Determine j(-521).
-3
Let z(g) = g**2 + 3998*g + 27936. Determine z(-7).
-1
Let u(b) = 916*b - 13728. What is u(15)?
12
Let a(u) = -u**3 + 169*u**2 + 1421*u - 896. What is a(177)?
-11
Let h(a) = 2049*a - 1761. Determine h(1).
288
Let s(t) = 2650*t**2 - 172289*t + 2544. Determine s(65).
9
Let j(m) = -2*m**3 + 169*m**2 + 166*m + 7914. What is j(86)?
2
Let y(j) = -83*j**3 + j**2 - 3*j - 6. What is y(-2)?
668
Let g(t) = 3205*t - 35267. Give g(11).
-12
Let l(g) = -3187*g - 25165. Calculate l(-8).
331
Let i(k) = k**3 - 182*k**2 + 7*k - 322. Calculate i(182).
952
Let u(x) = -575*x - 75032. Calculate u(-129).
-857
Let c(w) = 63*w**2 - 188*w + 1618. Calculate c(9).
5029
Let u(c) = -2*c**3 + 446*c**2 + 438*c + 2647. Determine u(224).
407
Let z(g) = -2*g**3 - 403*g**2 + 6337*g + 15763. Calculate z(-216).
-5
Let l(s) = 25*s**2 - 12750*s - 25494. What is l(-2)?
106
Let o(q) = -2*q**2 - 644*q + 15816. Give o(-345).
-54
Let n(z) = 1757*z**3 + z**2 - 138*z + 137. Determine n(1).
1757
Let s(m) = 3111*m - 174110. What is s(56)?
106
Let n(x) = 2380*x - 16633. Giv